s digit of 926128671?
6
What is the units digit of 56686504?
4
What is the ten thousands digit of 82032290?
3
What is the millions digit of 567419772?
7
What is the thousands digit of 47504136?
4
What is the ten millions digit of 88468799?
8
What is the hundred thousands digit of 280358473?
3
What is the units digit of 39228407?
7
What is the thousands digit of 185419346?
9
What is the ten millions digit of 466160940?
6
What is the hundreds digit of 57880846?
8
What is the hundred millions digit of 7184689303?
1
What is the ten millions digit of 91129032?
9
What is the billions digit of 3746632060?
3
What is the hundred thousands digit of 2847141202?
1
What is the tens digit of 42026827?
2
What is the units digit of 27072354?
4
What is the ten thousands digit of 142762173?
6
What is the tens digit of 5488186002?
0
What is the hundred millions digit of 948711120?
9
What is the ten millions digit of 1044924581?
4
What is the ten millions digit of 271938895?
7
What is the ten thousands digit of 1193953013?
5
What is the thousands digit of 33580104?
0
What is the units digit of 35783252?
2
What is the ten thousands digit of 168059071?
5
What is the tens digit of 8710925?
2
What is the ten millions digit of 332717617?
3
What is the billions digit of 2226243666?
2
What is the hundred millions digit of 345822925?
3
What is the ten thousands digit of 268238651?
3
What is the ten millions digit of 29461317?
2
What is the ten millions digit of 177109988?
7
What is the ten thousands digit of 58528300?
2
What is the millions digit of 2094287226?
4
What is the hundred millions digit of 183967036?
1
What is the thousands digit of 4314352?
4
What is the ten millions digit of 159857199?
5
What is the units digit of 44986095?
5
What is the hundred thousands digit of 307493721?
4
What is the millions digit of 1477117831?
7
What is the ten thousands digit of 1312893744?
9
What is the hundred millions digit of 265127560?
2
What is the units digit of 1409709319?
9
What is the ten millions digit of 137309490?
3
What is the units digit of 209572171?
1
What is the ten millions digit of 15661145?
1
What is the millions digit of 569336037?
9
What is the tens digit of 75995552?
5
What is the tens digit of 71375524?
2
What is the thousands digit of 420744618?
4
What is the hundred millions digit of 100742230?
1
What is the tens digit of 6708157529?
2
What is the hundred millions digit of 229599832?
2
What is the thousands digit of 20048435?
8
What is the hundred thousands digit of 342937659?
9
What is the hundred thousands digit of 448255597?
2
What is the tens digit of 552987105?
0
What is the units digit of 214735815?
5
What is the units digit of 1481155664?
4
What is the millions digit of 5724873139?
4
What is the ten millions digit of 99050890?
9
What is the units digit of 2746425407?
7
What is the units digit of 5124699206?
6
What is the ten millions digit of 36214409?
3
What is the ten thousands digit of 2841608310?
0
What is the millions digit of 1582615484?
2
What is the hundred thousands digit of 1973514543?
5
What is the thousands digit of 4413553?
3
What is the hundreds digit of 288076842?
8
What is the units digit of 3383653230?
0
What is the ten millions digit of 69962232?
6
What is the ten millions digit of 3637067066?
3
What is the hundreds digit of 3975511606?
6
What is the thousands digit of 123315687?
5
What is the hundred thousands digit of 1989488564?
4
What is the thousands digit of 1073545735?
5
What is the hundreds digit of 2066681114?
1
What is the ten millions digit of 33859832?
3
What is the ten thousands digit of 98818413?
1
What is the ten millions digit of 141069068?
4
What is the ten thousands digit of 52217649?
1
What is the millions digit of 75266921?
5
What is the hundred thousands digit of 184728797?
7
What is the ten thousands digit of 3095380250?
8
What is the ten thousands digit of 143642308?
4
What is the thousands digit of 18026836?
6
What is the ten millions digit of 74265858?
7
What is the units digit of 39389430?
0
What is the tens digit of 1986677139?
3
What is the units digit of 52449176?
6
What is the units digit of 122235795?
5
What is the units digit of 69354313?
3
What is the ten millions digit of 467868759?
6
What is the thousands digit of 6714722115?
2
What is the billions digit of 2218985306?
2
What is the hundred thousands digit of 1551948241?
9
What is the millions digit of 1965359107?
5
What is the ten millions digit of 590372323?
9
What is the units digit of 17840396?
6
What is the hundred thousands digit of 5511320?
5
What is the hundred thousands digit of 13818515?
8
What is the millions digit of 601973955?
1
What is the millions digit of 29040340?
9
What is the thousands digit of 4056811458?
1
What is the units digit of 65479392?
2
What is the tens digit of 118856442?
4
What is the ten thousands digit of 1901780813?
8
What is the hundreds digit of 376610?
6
What is the hundreds digit of 56758949?
9
What is the ten millions digit of 92690966?
9
What is the hundred thousands digit of 848838224?
8
What is the units digit of 170513102?
2
What is the hundred thousands digit of 199902206?
9
What is the ten millions digit of 16732943?
1
What is the tens digit of 108670248?
4
What is the hundreds digit of 30643929?
9
What is the hundreds digit of 3270665?
6
What is the thousands digit of 66898591?
8
What is the tens digit of 4214880432?
3
What is the thousands digit of 304009802?
9
What is the ten thousands digit of 248964209?
6
What is the hundred millions digit of 880125779?
8
What is the ten thousands digit of 1728655120?
5
What is the hundred thousands digit of 469268978?
2
What is the ten thousands digit of 72129417?
2
What is the ten thousands digit of 888141322?
4
What is the hundred thousands digit of 79034635?
0
What is the units digit of 37132433?
3
What is the tens digit of 1574380?
8
What is the hundred thousands digit of 53270844?
2
What is the millions digit of 73401369?
3
What is the ten millions digit of 101231709?
0
What is the hundred thousands digit of 72809267?
8
What is the hundred millions digit of 298514109?
2
What is the hundred thousands digit of 2197382?
1
What is the thousands digit of 18201186?
1
What is the thousands digit of 75185419?
5
What is the ten thousands digit of 460975143?
7
What is the ten millions digit of 100518778?
0
What is the ten thousands digit of 15821751?
2
What is the hundred thousands digit of 271685852?
6
What is the ten thousands digit of 3782579383?
7
What is the thousands digit of 3408945756?
5
What is the ten thousands digit of 3048218141?
1
What is the hundred millions digit of 279589296?
2
What is the thousands digit of 1274682632?
2
What is the hundred thousands digit of 73510822?
5
What is the ten millions digit of 355604743?
5
What is the hundred millions digit of 147221291?
1
What is the millions digit of 27201306?
7
What is the units digit of 9962267?
7
What is the hundred millions digit of 666491957?
6
What is the thousands digit of 6350074640?
4
What is the ten millions digit of 424492855?
2
What is the millions digit of 2205405?
2
What is the tens digit of 1617051757?
5
What is the ten millions digit of 143293563?
4
What is the millions digit of 866172312?
6
What is the hundreds digit of 4382851955?
9
What is the hundred thousands digit of 17247154?
2
What is the ten millions digit of 97020661?
9
What is the ten millions digit of 468496371?
6
What is the thousands digit of 2394920?
4
What is the thousands digit of 128422439?
2
What is the millions digit of 634384799?
4
What is the thousands digit of 192668343?
8
What is the hundred thousands digit of 29650000?
6
What is the ten thousands digit of 71200457?
0
What is the thousands digit of 1125127?
5
What is the millions digit of 3165884720?
5
What is the ten millions digit of 589005258?
8
What is the hundred thousands digit of 123566147?
5
What is the hundreds digit of 109245380?
3
What is the hundred thousands digit of 21529450?
5
What is the billions digit of 1144342233?
1
What is the tens digit of 4156482404?
0
What is the ten millions digit of 219900150?
1
What is the hundred thousands digit of 48297849?
2
What is the hundreds digit of 3828605962?
9
What is the units digit of 112468758?
8
What is t